209 + -30 - (-2 + -31)
-122
Calculate 1 + -62 + -1 - (-665 - -634 - (-28 + -1)).
-60
Calculate -17 - (2 + -23 + 56 + -33 + -32).
13
What is the value of -207 - -199 - ((9 + -6 - 3) + -67)?
59
-82 - -12 - (6 - 38)
-38
-19 + (10 + 26 - 26)
-9
What is (-107 - (-76 + -61)) + 44?
74
What is the value of (-4 - 40) + -76 + 62?
-58
Evaluate 144 + -59 - (5 + 37).
43
7 - (5 + -14) - (1 + 8) - 80
-73
Calculate 56 + -36 + -25 + (-18 - -83).
60
What is the value of (35 - 32) + 50 + -54 - ((88 - -2) + 1)?
-92
What is the value of -58 - ((41 - 21) + -129)?
51
What is the value of 27 + (-16 - -19) - (-2 - 2 - -11)?
23
(-130 - -118) + -8 + 0 + -5 + 16
-9
What is the value of 8 - (-14 - (-13 + -4 - -14) - (-3 + -44))?
-28
What is (100 + -8 - (-85 + 106)) + -4 + (3 - 1)?
69
Calculate (-30 - -71 - 54) + 1 + -2 + 77.
63
What is 48 + 19 + -48 + -44?
-25
107 + (-104 - (-94 - -1))
96
Calculate -33 - (15 - (-5 - -19) - -14).
-48
Calculate -135 - -1 - (-109 - -70 - -35) - 18.
-148
What is 7 - -66 - (-304 - -353) - (0 + -29)?
53
Evaluate -26 - (-11 - (-9 + (44 - 12))).
8
What is the value of (-3 - ((3 - -11) + -28)) + 0 + -1 + 32?
42
Evaluate 3 + 19 + 1 + 6 + -39.
-10
What is (90 + 0 - 7) + 10 + 6 + (7 - 35)?
71
Evaluate -15931 + 15957 - (1 - -30).
-5
What is the value of -3 + (92 - 64 - 54)?
-29
What is (-1 - -4) + (10 + 17 - 28) + -17?
-15
What is the value of -103 + 50 + 42 - ((1 - 2) + 19)?
-29
What is the value of -54 + -56 + 162 - 43?
9
What is (28 - (-44 - -37)) + -77 + (-3 - 0)?
-45
22 + (-18 + -14 - -8) + 3 + 0 + 55
56
Evaluate -11 + -1 - (-14 + 0 - (-11 + 10 - 3)).
-2
Evaluate (-5 - -2) + -67 + (-25 - -49).
-46
Calculate (3 - -110) + (988 - 1052).
49
(20 - (15 + -9)) + 37 + 1 - (-6 - 1)
59
143 - 18 - (16 + -52 + (35 - 21))
147
What is 1036 + -1023 + -52 + -1 - (-3 + -2 - -1)?
-36
What is the value of -17 + 2 + -18 + -4 + 79?
42
Calculate -66 - (-43 + (-104 - -34)).
47
57 - (108 - (38 + -7))
-20
Evaluate (-5 - 14) + 17 - (-31 + 36 - (66 + -2)).
57
Calculate -22 - (2 - (2 + 1 + -1 - (3310 + -3311))).
-21
-14 - (746 + -717 + (-1 - (18 + 3)))
-21
(41 + -43 - -133) + -58
73
What is the value of -31 + 7 - (-58 - -31 - -43)?
-40
-25 + (51 - 7 - -4)
23
What is (-57 - (-12 + 5)) + -4 + (13 - 12) + -7?
-60
Evaluate -40 - (-9 + -31 + 19).
-19
What is 69 + -2 + 3 - (-4400 + 4420)?
50
Evaluate 2496 - 2544 - (-14 + 0).
-34
Calculate 3 + -12 + -8 + 9 - -3 - -11.
6
What is -106 + (-123 - -240) - (3 - -129)?
-121
-35 + (-17 - -44) + -27 + 5
-30
Calculate (-40 - -35) + 24 + 5 + -4.
20
Evaluate 34 + -55 + (-42 - -76).
13
(23 - 74) + 69 - (-6 - -4 - -82)
-62
Evaluate (84 - (6 + 3)) + (11 - (19 + -23)).
90
What is the value of 16 - ((7 - 9) + -15 + 54)?
-21
Calculate 55 + -74 + 4 + 62.
47
What is the value of 13 + (2 - 15) + (19 - -16 - -6)?
41
What is the value of 230 + -187 + -7 + (2 - (2 + -2)) + 6?
44
6 - (-1 - 13 - (-221 - -104 - -111))
14
Calculate 86 + 0 + 7698 + -7686.
98
What is 0 + -2 + -6 + (-17 - (0 + 11 - 11))?
-25
(80 - 15) + -76 + 70
59
Calculate -60 + (0 - 1) + (197 - 309) + 123.
-50
What is the value of 8 + (1 - 3) - (24 - (167 + -221))?
-72
What is the value of 1 + 18 - (-598 - -611) - (8 - 1)?
-1
Calculate (-29 - -25 - -20) + -12 + 1 + -23.
-18
What is (74 - 82) + 36 - (96 + -5)?
-63
9 - (28 + 37 - ((-25 - -4) + 1))
-76
-16 - 4 - ((29 - 19) + -26 - 4)
0
Evaluate -17 - (-10 - 20) - (-49 + 10).
52
Evaluate (9475 - 9586) + (37 - 1).
-75
What is (-35 - -1) + (-4 - -11) + 0 + 1 + -22?
-48
What is -202 + 219 + 4 + -9?
12
What is 11 + 24 + -53 + 54 + 7?
43
Calculate -15 - ((1 - 27) + 366 + -377).
22
20 + (-9 - (2 - (2 + 10)))
21
What is 48 + (66 - (89 + -67))?
92
Calculate -6 + 3 - 12 - ((-20 - -1) + (-445 - -472)).
-23
Evaluate (298 - 305) + (-4 - 10).
-21
Evaluate 1 - (14 + 21) - -25.
-9
Calculate 71 + -45 + (-25 - ((-7 - 9) + 12)).
5
What is 75 - 73 - ((-1 - -9) + -2) - 4?
-8
What is 3 + (-29 + 125 + -25 - (2 - 8)) - 12?
68
What is the value of 95 - (4 - (1 + 9 + (-40 - -17)))?
78
What is -3 - (-50 - 2 - -19) - -3?
33
What is 63 + (-117 - (-41 - 17))?
4
Calculate -7307 + 7292 + (80 - 1).
64
What is the value of 2 - 2 - (15 + (-3 - (-16 - 7)))?
-35
Evaluate -54 + 67 + 3 + (-3 - -5) + -52.
-34
What is (-2 - 6) + (-15 + 71 - 48) + -43 + 1?
-42
-76 + 152 + -149 - -49
-24
Calculate 34 + 29 + (21 - 54) + 40.
70
-29 + (7 + -1 - (-72 + 86))
-37
Calculate (2 - -12 - (8 + 16)) + (46 - (1 + -1)).
36
What is 2 + -12 - -2 - (4 - 13) - -10?
11
Evaluate (65 - (129 - 24)) + 99.
59
Evaluate -37 - (5 - 4) - (1261 + -1252).
-47
What is the value of 2 + 19 + -5 + 19 + -23?
12
Calculate -26 - 1 - (-300 + 402 + -119).
-10
What is the value of 34 - (-69 + 42 - (23 + -38))?
46
What is the value of -29 + (21 + -27 - -34) - 25?
-26
What is 52 + (-50 - 60) + (1 - 0 - (-8 - -2))?
-51
What is (-36 - -29) + 7 + -5 + (-4 - (-4 + -1))?
-4
105 + -81 + (8 - (1 + 23))
8
What is the value of -12 + (-17 - -45) + -25 + (-11 - -1)?
-19
What is 18 - 44 - (-1 + -14) - (5 + -4)?
-12
What is the value of -34 - (-6 + -11 - 30)?
13
Evaluate -43 - ((1472 - 1465) + (37 - 0)).
-87
What is 3 + 3 + -1 + 6 + -3 + (-141 - -103)?
-30
What is the value of -6 - (-5 + 52 + -14)?
-39
Evaluate 6 - ((-20 - 30 - -24) + (-2 - (-10 - 4))).
20
Calculate 47 + -40 + 4 + -17 + -16.
-22
What is the value of -12 + 37 + (-14 - 8) - (2 + 33 + 0)?
-32
What is (4740 - 4697) + (2 - 134)?
-89
What is the value of 27 - 13 - (7 - (-21 - -8))?
-6
Calculate ((18 - 4) + -11 - -19) + -15 - (-69 - -2).
74
Evaluate -47 + -1 - (-22 + -2 + (200 - 190)).
-34
Calculate -4 + (2 - 0 - (-5 + 17 + 32)).
-46
Calculate 29 + (-65 - -39) + 14 + 6.
23
(-19 - (29 + (-8 - 30))) + -1 + -6
-17
What is the value of (-15 - -5 - -2) + (10 - 1) + -84 + 83?
0
Evaluate 5 - (0 + 22 + -25 + 21).
-13
What is 71 + -39 + -44 + -9?
-21
What is the value of (-5 - (-1 - 1)) + (3 - 11 - (-30 - 11))?
30
0 - -11 - (21 + -23) - (-27 - -10)
30
What is the value of 21 + 1 - (-23 - -35) - 19 - -65?
56
28 + -18 + 42 + -80
-28
Evaluate 0 + 28 + (6 - -6 - 18).
22
Calculate -30 + -14 - -12 - (-88 + 100).
-44
Evaluate 5 + (6 - -28) - -2 - (10 + -3).
34
What is -343 + 350 - (5 + -1)?
3
-17 + (53 - 19) + (-12 - 22) + -63
-80
-46 + (3 - (5 + -3)) - (72 - (30 + 34))
-53
What is the value of -20 - (-19 + (-13 - 45)) - 20?
37
Calculate -12 + -3 + 1 - (-25 + 8).
3
What is 13 + -15 + -13 + 31 + -3 + -9?
4
Calculate -60 - (63 - 65) - (-1 - 12).
-45
Calculate -59 + (-19 - (-34 + 9 + -16)).
-37
Evaluate (84 - (19 + (-31 - -17))) + 8.
87
What is the value of -10 + 58 - (302 + -255)?
1
Evaluate (4 - 13) + 9 + (134 - 0) + 12 + -23.
123
What is the value of 51 + (-96 + 98 - (0 - (4 - -6)))?
63
What is (13 - 17 - -4) + (19 - 8)?
11
What is the value of -28 + (20 + -29 - -90)?
53
Calculate -18 - -8 - (2 + -15 - ((75 - -20) + -16)).
82
What is the value of 60 + (-87 + 73 - (1 - 0))?
45
What is 2 + 5 + 1 + (-8 + 30 - 88)?
-58
What is -22 - (23 + -66 + -8)?
29
What is the value of (-210 - -260) + (5 - (17 - 17))?
55
(60 - 103) + -16 + 61
2
What is the value of 5 - ((-79 - -50) + (7 - -58))?
-31
(-85 - (62 - 94)) + 56
3
Calculate (-7 - -23 - 6) + (-20 - (-13 - -124)).
-121
What is the value of -20 + (-23 + 50 + -34 - 30)?
-57
Evaluate -142 + 160 + -80 + 44.
-18
Calculate (-684 + 699 - (7 + (-3 - -7))) + 1 + 101.
106
What is the value of (-6 - 85) + (21 - 14 - -17) + -7?
-74
Calculate -112 + (129 - -88) - (19 + (0 - -2)).
84
What is the value of -45 + -131 + (-16 - -58)?
-134
What is -12 + (49 - 35) + -7?
-5
What is the value of (1 - -3) + 1 + -14 + 40 + 118 + -82?
67
Evaluate 70 - (-65 + 136) - -20.
19
Calculate -148 + 5 + 5 + 3 + 4 - (-33 + 23).
-121
-2 + -6 - (24 - (21 + -37 + 7))
-41
What is the value of 5 + 2 + (1 - (-15 + 13 + 28)) + 4?
-14
What is -21 - -6 - (59 - (41 + 59))?
26
Evaluate (-5 + 12 - 9 - -10) + -2 + (-13 - -54).
47
Evaluate 21 + (-132 - -117) + (1 - 0 - (-7 - -6)).
8
60 + -1 + (-2042 - -2010)
27
What is -6 + (86 + -44 - 93)?
-57
Evaluate -6 - (-3 + (-6 - (25 - -10 - (4 - -2)))).
32
Calculate (12 - (0 - 2)) + 1273 + -1282 - 16.
-11
Evaluate -1 - ((1 - -6) + 0 + 46 + -60) - -56.
62
Evaluate 10 + (3 + (-17 - -32) - -8) - -6.
42
Evaluate (-30 - (-23 + 12 + -7)) + 19 + 5.
12
Evaluate 8 + (-9 - (-16 - -69)).
-54
What is 974 - 983 - (-62 - 0 - (-6 + (5 - -1)))?
53
Evaluate 46 + -5 + 5 - (33